j**2 + 6*j - 77. What is m(6)?
-5
Let d(n) = -n**3 - 2*n**2 + 4*n. Give d(-3).
-3
Let r(k) = -k**3 + 3*k**2 + 5*k + 2. Calculate r(4).
6
Let j(n) = n**2 + 8*n + 2. What is j(-13)?
67
Let i(x) = x**3 + x**2 - 6. Determine i(0).
-6
Let i(f) = f**2 - 7*f - 197. What is i(19)?
31
Let q(s) = s**3 - 8*s**2 + 4*s + 1. Calculate q(8).
33
Let z(r) = r**2 + 45*r - 99. Calculate z(-47).
-5
Let r(i) = i**2 + 26*i - 23. Determine r(-26).
-23
Let p(x) = 2*x - 3. Calculate p(-5).
-13
Let r(b) = -b**3 - 10*b**2 + 9*b - 15. What is r(-11)?
7
Let b(a) = -a**2 + 10*a + 17. Give b(10).
17
Let o(h) = 2*h**2 + 2*h + 1. Calculate o(-1).
1
Let v(z) = -z**3 + 16*z**2 - 18*z + 16. Determine v(15).
-29
Let m(q) = 13*q + 3. Determine m(-4).
-49
Let a(m) = 20*m**2 - m + 2. Determine a(1).
21
Let a(i) = 6*i - 27. What is a(0)?
-27
Let u(d) = 24*d - 202. What is u(8)?
-10
Let a(u) = -u**3 + 30*u**2 - 55*u - 6. Give a(28).
22
Let g(x) = x**2 + 7*x + 14. Calculate g(-4).
2
Let c(s) = -s**2 + 7*s - 1. What is c(5)?
9
Let s(k) = -k - 4. Calculate s(13).
-17
Let a(m) = -58*m - 1. Calculate a(1).
-59
Let l(y) = -2*y + 7. Give l(-3).
13
Let c(u) = u**2 - 7*u + 9. Determine c(7).
9
Let l(k) = 6*k + 30. Calculate l(12).
102
Let q(v) = -v**3 - 5*v**2 + 5*v - 3. What is q(-7)?
60
Let t(o) = 12*o + 7. Determine t(-4).
-41
Let u(f) = -4*f + 8. Give u(4).
-8
Let w(i) = i**3 + 16*i**2 - 35*i + 12. Determine w(-18).
-6
Let s(n) = -n**3 - 3*n**2 + 7*n + 9. Determine s(-4).
-3
Let s(k) = 2*k**3 + 54*k**2 - 60*k - 113. What is s(-28)?
-1
Let w(f) = 28*f + 1. Determine w(1).
29
Let c(q) = q**3 - 17*q**2 + 2*q - 28. Give c(17).
6
Let g(p) = p**2 + 3*p - 8. Give g(4).
20
Let z(a) = 6*a + 293. Give z(-50).
-7
Let g(y) = 6*y - 127. Determine g(21).
-1
Let z(p) = -4*p**2 + 2. Give z(-5).
-98
Let r(s) = 2*s - 30. Calculate r(14).
-2
Let i(v) = v**3 + 9*v**2 - 14*v + 13. What is i(-11)?
-75
Let l(a) = -a**2 - 11*a + 1611. Calculate l(35).
1
Let d(i) = 10*i + 4. Determine d(-2).
-16
Let q(w) = 19*w - 113. Give q(6).
1
Let b(j) = -68*j + 3. Give b(1).
-65
Let c(b) = -5*b**2 - 101*b - 4. Give c(-20).
16
Let w(u) = -5*u - 7. Calculate w(-13).
58
Let b(k) = -7*k + 43. Calculate b(5).
8
Let y(h) = 56*h - 2. Calculate y(-1).
-58
Let m(d) = d**3 - 18*d**2 - 17*d - 44. Calculate m(19).
-6
Let s(q) = 28*q + 39. Determine s(-2).
-17
Let j(i) = -i**3 + 6*i**2 + 3*i + 25. Calculate j(7).
-3
Let z(k) = 2*k**3 + 4*k**2 + 2*k - 3. Determine z(-2).
-7
Let x(f) = -3*f**2 + 6*f + 1. Give x(-6).
-143
Let f(c) = 4*c - 4. Calculate f(3).
8
Let c(i) = -i**2 + 4*i. What is c(5)?
-5
Let f(g) = -g**2 + 9*g + 17. Calculate f(11).
-5
Let h(w) = 6*w + 17. Determine h(5).
47
Let j(y) = 3*y. Determine j(10).
30
Let s(t) = 6*t - 2. Calculate s(0).
-2
Let f(j) = 2*j - 40. Calculate f(13).
-14
Let k(n) = -2*n**2 + 4*n + 34. What is k(-3)?
4
Let t(j) = 12*j - 2. Determine t(1).
10
Let g(x) = x**3 - 10*x**2 - 15*x + 22. What is g(11)?
-22
Let j(k) = -k**3 - 12*k**2 - 13*k + 5. What is j(-10)?
-65
Let f(d) = -d**2 + 9*d - 5. Give f(8).
3
Let r(c) = 3*c + 12. Determine r(-5).
-3
Let s(n) = -n**3 + 3*n**2 + 8*n - 15. Give s(4).
1
Let y(s) = -2*s**2 + 12*s - 14. What is y(5)?
-4
Let m(i) = -i**3 - 5*i**2 + 2*i + 8. Calculate m(-5).
-2
Let z(h) = -h**2 - 27*h + 108. Determine z(-31).
-16
Let i(j) = -7*j + 19. Calculate i(9).
-44
Let f(o) = o**2 + 20*o - 88. Give f(4).
8
Let k(b) = -b**2 + 3*b - 5. What is k(3)?
-5
Let f(g) = g**3 + 8*g**2 + 12*g + 1. Determine f(-6).
1
Let m(r) = -3*r**2 - 44*r - 62. What is m(-13)?
3
Let d(c) = c**3 + c**2 - c + 18. What is d(0)?
18
Let g(o) = -2*o + 1. Calculate g(-1).
3
Let m(k) = k**3 - 12*k**2 - 11*k + 3. Calculate m(13).
29
Let p(y) = -4*y**2 + 9*y + 14. Calculate p(4).
-14
Let z(s) = -3*s**3 + 4*s**2 - 2*s - 2. Determine z(2).
-14
Let a(b) = 2*b**2 - 5. Calculate a(-3).
13
Let p(b) = 9*b**2 - 2*b - 1. Calculate p(1).
6
Let s(t) = t**2 + 21*t - 101. Determine s(-25).
-1
Let q(c) = 7*c - 24. Calculate q(12).
60
Let s(n) = n**3 + 7*n**2 - 10*n - 18. Give s(-8).
-2
Let k(h) = 5*h + 12. Calculate k(-8).
-28
Let f(x) = -x**2 - x + 7. Determine f(-5).
-13
Let v(b) = -5*b**3 + 3*b**2 + 6*b + 4. Determine v(-1).
6
Let l(v) = 2*v**3 + 29*v**2 + 9*v - 68. Calculate l(-14).
2
Let o(q) = -q**3 - 8*q**2 - 7*q + 8. Calculate o(-4).
-28
Let t(k) = k**3 + k**2 + 4*k + 27. Calculate t(0).
27
Let r(s) = s**3 + 18*s**2 - 19*s + 11. Determine r(-19).
11
Let x(s) = s**3 - 14*s**2 + 11*s + 8. What is x(13)?
-18
Let x(v) = -v**3 - 8*v**2 + 2*v - 56. Calculate x(-9).
7
Let z(y) = y**3 + 13*y**2 - 4*y - 19. Give z(-13).
33
Let a(r) = 4*r + 2. Give a(2).
10
Let l(n) = n**2 - 9*n + 16. Determine l(7).
2
Let s(j) = 8*j. Calculate s(1).
8
Let z(a) = 4*a + 1. Give z(-12).
-47
Let w(u) = 3*u**3 - 3*u - 2. What is w(-1)?
-2
Let o(w) = w**2 - w - 68. Calculate o(0).
-68
Let l(x) = 34*x. Calculate l(1).
34
Let v(b) = b**3 - 7*b + 4. Calculate v(-3).
-2
Let q(i) = -2*i**2 + 7*i - 7. Determine q(4).
-11
Let z(o) = -o + 26. Determine z(-6).
32
Let i(o) = 33*o - 201. What is i(6)?
-3
Let h(t) = -t**3 - 32*t**2 + 66*t - 84. What is h(-34)?
-16
Let c(s) = 2*s - 21. What is c(7)?
-7
Let q(b) = -3*b - 3. Determine q(-4).
9
Let o(i) = -12*i + 68. Give o(6).
-4
Let b(m) = -m**3 + 4*m**2 - m + 3. What is b(4)?
-1
Let u(x) = -x**3 - 3*x**2 + 4*x + 1. Calculate u(4).
-95
Let a(n) = -n**3 - 6*n**2 + 3*n + 8. Calculate a(-6).
-10
Let v(p) = p**2 - 18*p + 49. What is v(13)?
-16
Let m(h) = 3*h + 32. What is m(-16)?
-16
Let a(n) = -8*n - 52. Give a(-5).
-12
Let k(x) = -x. Calculate k(-3).
3
Let d(t) = t**3 - 14*t**2 + 12*t - 5. Determine d(13).
-18
Let l(f) = 9*f - 4. Determine l(8).
68
Let m(i) = 18*i + 10. What is m(3)?
64
Let x(b) = -b**2 - 4*b + 6. Give x(-7).
-15
Let k(t) = -13*t**3 + t**2 + t - 1. Calculate k(1).
-12
Let u(s) = 27*s**3 - 2*s**2 + 1. Calculate u(-1).
-28
Let o(k) = -5*k**2 - 205*k - 3. Calculate o(-41).
-3
Let w(q) = q**2 - 9*q - 15. Give w(12).
21
Let d(z) = -16*z + 14. What is d(4)?
-50
Let j(f) = -f**3 - 4*f**2 + 5*f + 5. Give j(-4).
-15
Let o(q) = q**3 - 8*q**2 + 13*q - 21. Determine o(6).
-15
Let i(w) = 2*w**2 - w - 63. Calculate i(0).
-63
Let h(k) = k**3 - 12*k**2 + 15*k + 46. Give h(10).
-4
Let r(d) = -4*d + 190. Determine r(46).
6
Let j(l) = 14*l - 52. Determine j(6).
32
Let g(d) = d**3 + 6*d**2 + 3*d - 9. What is g(-5)?
1
Let q(c) = -c**3 - 3*c**2 - c - 1. Determine q(-5).
54
Let u(b) = 9*b**2 - b + 6. What is u(2)?
40
Let i(k) = -49*k - 12. Give i(3).
-159
Let f(v) = 6*v. Calculate f(-1).
-6
Let o(q) = -2*q**2 - 4*q - 4. Calculate o(-3).
-10
Let u(o) = -o**3 + 8*o**2 - 12*o + 5. Give u(6).
5
Let l(d) = d**3 - 9*d**2 - 5*d + 2. What is l(10)?
52
Let q(d) = 5*d**2 + 4*d - 17. Determine q(5).
128
Let l(t) = 2*t**2 - 20*t + 83. Give l(9).
65
Let c(k) = k**2 - 39*k + 193. What is c(33)?
-5
Let g(a) = a**3 + 41*a**2 + 78*a + 2. What is g(-39)?
2
Let k(n) = 6*n**2 + n - 3. Calculate k(1).
4
Let y(w) = w**2 - 18*w + 59. What is y(13)?
-6
Let f(d) = 4*d - 23. Calculate f(5).
-3
Let r(y) = y**3 - 6*y**2 + 3*y + 2. Determine r(4).
-18
Let t(o) = -o**2 - 30*o - 2. Calculate t(-30).
-2
Let l(u) = u**3 - 24*u**2 + 34*u + 231. Calculate l(22).
11
Let t(k) = -k**3 - 6*k**2 - 7*k - 10. Determine t(-6).
32
Let x(u) = 3*u**2 - 8*u. What is x(2)?
-4
Let g(o) = -o**3 + 13*o**2 - 10*o - 28. Calculate g(12).
-4
Let a(c) = c**3 + 25*c**2 - 5*c - 124. Calculate a(-25).
1
Let p(y) = -4*y - 17. Calculate p(-5).
3
Let j(r) = r**3 - 38*r**2 + 7*r - 285. Calculate j(38).
-19
Let u(q) = -4*q - 10. What is u(-6)?
14
Let t(g) = g**3 - 2*g**2 - 12*g + 19. Determine t(3).
-8
Let d(k) = -8*k + 7. What is d(3)?
-17
Let k(a) = -a**3 - 7*a**2 + 2*a + 3. Determine k(-9).
147
Let d(l) = -6*l**2 - 83*l + 23. Give d(-14).
9
Let t(c) = -c**2 + 67*c - 254. Calculate t(4).
-2
Let x(h) = -h**2 - 9*h - 16. What is x(-9)?
-16
Let k(t) = -2*t**2 - 16*t - 51. Calculate k(-7).
-37
Let a(g) = g**3 - g**2 - g - 18. Calculate a(0).
-18
Let p(i) = i**2 + 7*i - 6. Calculate p(-7).
-6
Let n(x) = x**2 + 9*x + 25. Give n(-5).
5
Let z(h) = 3*h**2 + 7*h - 8. Calculate z(-5).
32
Let w(a) = -a**3 + 2*a - 11. Calculate w(-3).
10
Let h(l) = -3*l**2 - 23*l - 21. What is h(-11)?
-131
Let a(d) = d**3 - 16*d**2 - 16*d - 36. Determine a(17).
-19
Let h(x) = -x - 8. Calculate h(-5).
-3
L